62 is divided by 430.
32
What is the remainder when 97 is divided by 55?
42
What is the remainder when 581 is divided by 96?
5
Calculate the remainder when 440 is divided by 111.
107
Calculate the remainder when 671 is divided by 223.
2
What is the remainder when 521 is divided by 35?
31
Calculate the remainder when 107 is divided by 36.
35
Calculate the remainder when 6838 is divided by 36.
34
Calculate the remainder when 2087 is divided by 95.
92
Calculate the remainder when 306 is divided by 59.
11
Calculate the remainder when 639 is divided by 83.
58
What is the remainder when 496 is divided by 129?
109
Calculate the remainder when 18 is divided by 5.
3
Calculate the remainder when 94 is divided by 19.
18
Calculate the remainder when 590 is divided by 18.
14
What is the remainder when 2734 is divided by 36?
34
Calculate the remainder when 169 is divided by 61.
47
What is the remainder when 125 is divided by 105?
20
What is the remainder when 493 is divided by 13?
12
What is the remainder when 210 is divided by 53?
51
What is the remainder when 189 is divided by 28?
21
Calculate the remainder when 1109 is divided by 525.
59
Calculate the remainder when 341 is divided by 301.
40
What is the remainder when 1626 is divided by 22?
20
Calculate the remainder when 187 is divided by 28.
19
What is the remainder when 630 is divided by 237?
156
What is the remainder when 363 is divided by 17?
6
What is the remainder when 595 is divided by 147?
7
What is the remainder when 498 is divided by 72?
66
Calculate the remainder when 357 is divided by 40.
37
Calculate the remainder when 250 is divided by 14.
12
Calculate the remainder when 520 is divided by 48.
40
Calculate the remainder when 170 is divided by 74.
22
What is the remainder when 187 is divided by 32?
27
What is the remainder when 3867 is divided by 15?
12
Calculate the remainder when 3 is divided by 1.
0
Calculate the remainder when 2792 is divided by 23.
9
Calculate the remainder when 324 is divided by 104.
12
Calculate the remainder when 201 is divided by 3.
0
Calculate the remainder when 728 is divided by 73.
71
Calculate the remainder when 5717 is divided by 83.
73
Calculate the remainder when 11 is divided by 3.
2
Calculate the remainder when 416 is divided by 205.
6
Calculate the remainder when 493 is divided by 126.
115
Calculate the remainder when 1821 is divided by 122.
113
What is the remainder when 150 is divided by 27?
15
Calculate the remainder when 335 is divided by 84.
83
Calculate the remainder when 114 is divided by 10.
4
Calculate the remainder when 98 is divided by 43.
12
What is the remainder when 661 is divided by 19?
15
What is the remainder when 57 is divided by 3?
0
What is the remainder when 26 is divided by 10?
6
Calculate the remainder when 224 is divided by 90.
44
What is the remainder when 1744 is divided by 351?
340
Calculate the remainder when 582 is divided by 258.
66
What is the remainder when 317 is divided by 90?
47
Calculate the remainder when 218 is divided by 55.
53
Calculate the remainder when 202 is divided by 41.
38
What is the remainder when 31 is divided by 8?
7
Calculate the remainder when 1028 is divided by 49.
48
What is the remainder when 2662 is divided by 24?
22
Calculate the remainder when 130 is divided by 23.
15
What is the remainder when 223 is divided by 45?
43
What is the remainder when 32031 is divided by 22?
21
Calculate the remainder when 22 is divided by 5.
2
Calculate the remainder when 835 is divided by 26.
3
Calculate the remainder when 158 is divided by 60.
38
Calculate the remainder when 82 is divided by 37.
8
Calculate the remainder when 271 is divided by 42.
19
Calculate the remainder when 462 is divided by 15.
12
What is the remainder when 181 is divided by 26?
25
What is the remainder when 5561 is divided by 3?
2
What is the remainder when 811 is divided by 68?
63
What is the remainder when 295 is divided by 73?
3
Calculate the remainder when 415 is divided by 145.
125
What is the remainder when 202 is divided by 5?
2
Calculate the remainder when 864 is divided by 51.
48
Calculate the remainder when 614 is divided by 163.
125
What is the remainder when 41 is divided by 3?
2
What is the remainder when 530 is divided by 9?
8
What is the remainder when 237 is divided by 34?
33
What is the remainder when 838 is divided by 20?
18
Calculate the remainder when 10618 is divided by 19.
16
What is the remainder when 473 is divided by 90?
23
What is the remainder when 272 is divided by 85?
17
What is the remainder when 7176 is divided by 378?
372
Calculate the remainder when 602 is divided by 55.
52
What is the remainder when 1397 is divided by 58?
5
What is the remainder when 435 is divided by 151?
133
Calculate the remainder when 213 is divided by 66.
15
Calculate the remainder when 2518 is divided by 70.
68
What is the remainder when 221 is divided by 12?
5
What is the remainder when 7912 is divided by 48?
40
What is the remainder when 5827 is divided by 10?
7
What is the remainder when 152 is divided by 22?
20
Calculate the remainder when 1014 is divided by 33.
24
What is the remainder when 816 is divided by 399?
18
What is the remainder when 88 is divided by 7?
4
Calculate the remainder when 1387 is divided by 139.
136
Calculate the remainder when 155 is divided by 12.
11
Calculate the remainder when 1299 is divided by 62.
59
What is the remainder when 51 is divided by 12?
3
What is the remainder when 503 is divided by 16?
7
What is the remainder when 6193 is divided by 62?
55
Calculate the remainder when 388 is divided by 15.
13
What is the remainder when 753 is divided by 27?
24
Calculate the remainder when 206 is divided by 19.
16
Calculate the remainder when 4102 is divided by 49.
35
What is the remainder when 2505 is divided by 18?
3
What is the remainder when 5967 is divided by 199?
196
Calculate the remainder when 45 is divided by 38.
7
Calculate the remainder when 4716 is divided by 143.
140
What is the remainder when 1904 is divided by 23?
18
Calculate the remainder when 57451 is divided by 53.
52
What is the remainder when 6070 is divided by 69?
67
Calculate the remainder when 296 is divided by 13.
10
Calculate the remainder when 809 is divided by 75.
59
What is the remainder when 702 is divided by 43?
14
Calculate the remainder when 8189 is divided by 14.
13
Calculate the remainder when 541 is divided by 162.
55
What is the remainder when 182 is divided by 23?
21
What is the remainder when 58 is divided by 16?
10
What is the remainder when 1836 is divided by 378?
324
Calculate the remainder when 1131 is divided by 44.
31
Calculate the remainder when 9006 is divided by 117.
114
What is the remainder when 982 is divided by 5?
2
Calculate the remainder when 605 is divided by 11.
0
What is the remainder when 102 is divided by 4?
2
What is the remainder when 26944 is divided by 18?
16
Calculate the remainder when 640 is divided by 79.
8
Calculate the remainder when 69 is divided by 18.
15
Calculate the remainder when 3273 is divided by 130.
23
What is the remainder when 147 is divided by 73?
1
What is the remainder when 1474 is divided by 74?
68
Calculate the remainder when 344 is divided by 58.
54
What is the remainder when 5051 is divided by 163?
161
Calculate the remainder when 891 is divided by 15.
6
Calculate the remainder when 1004 is divided by 53.
50
Calculate the remainder when 33194 is divided by 43.
41
What is the remainder when 8333 is divided by 16?
13
What is the remainder when 46 is divided by 8?
6
What is the remainder when 279 is divided by 101?
77
What is the remainder when 384 is divided by 30?
24
What is the remainder when 601 is divided by 9?
7
What is the remainder when 387 is divided by 97?
96
Calculate the remainder when 407 is divided by 24.
23
Calculate the remainder when 3 is divided by 2.
1
What is the remainder when 1220 is divided by 35?
30
What is the remainder when 394 is divided by 79?
78
Calculate the remainder when 129 is divided by 30.
9
Calculate the remainder when 3618 is divided by 4.
2
What is the remainder when 265 is divided by 54?
49
What is the remainder when 73 is divided by 25?
23
What is the remainder when 29099 is divided by 21?
14
Calculate the remainder when 2256 is divide